e x(-6). Calculate the highest common factor of 141 and q.
47
Let v be (-1215)/(-2)*36/90. What is the greatest common divisor of v and 4?
1
Let o(l) = -97*l - 176. Let v be o(-2). Calculate the greatest common divisor of v and 11574.
18
Suppose 3*t - 3 = 2*t. Let n = -259 + 387. Suppose -66 = -3*m - t*y, -y = 5*m - 5*y - n. Calculate the highest common factor of 32 and m.
8
Suppose 73*d - 883057 = -35*d + 4263359. Calculate the greatest common factor of 132 and d.
132
Let t = 2208 + -1187. Calculate the greatest common divisor of 1 and t.
1
Let d be -2 - (-4)/((-7)/(-7)). Suppose -n + 149 = -3*u, 10*n + d*u - 425 = 7*n. What is the highest common divisor of n and 22?
11
Let t = -65 + 117. Let h(w) = 20*w + 864. Let q be h(-43). Calculate the greatest common factor of t and q.
4
Suppose -2*f + 2*f = 8*f. Suppose -16*u + 592 - 48 = f. What is the highest common factor of u and 459?
17
Suppose 8*n + 73040 = 4*s, 2*s - 3*n = -2*n + 36514. Calculate the highest common divisor of s and 224.
112
Let w be (1/(-3))/((-1)/39). Let l be (-8)/(-6)*((6 - -350) + w). What is the highest common factor of 12 and l?
12
Let a(s) = s**3 + 37*s**2 - 5*s + 20. Let z be a(-37). Calculate the greatest common divisor of 1271 and z.
41
Suppose 4*t = 2*h - 12, 2*t + 23 = 5*h - 15. Suppose 4*s + h*s = 3432. Calculate the greatest common factor of 52 and s.
26
Suppose -3*i = 2*s - 13, -6 = -3*s + 4*i + 5. Let c be (9 - s)/(4/18). Suppose -2*b - 2 = 0, -b + 77 = 2*t + c. What is the highest common factor of 120 and t?
30
Suppose 138*l - 147*l - 288 = 0. Let m(q) = -q**3 - 30*q**2 + 65*q + 45. Let y be m(l). Calculate the highest common divisor of y and 104.
13
Suppose -30*v - 2478 + 59118 = 0. What is the greatest common divisor of 80 and v?
16
Let s(m) = -57*m**3 + m. Let n be s(1). Suppose 12*t + 48 = 36*t. Let q be (n/(-32))/(t/16). Calculate the greatest common divisor of 7 and q.
7
Let j be -1*(-1 - 2/4*4). Let i(d) = -d**3 + 27 + 2*d**j + 0*d**3 + 19*d**2 - 17 + 18*d. Let o be i(-18). What is the highest common factor of o and 80?
10
Suppose -248*a = 3*h - 249*a - 121, 5*a = -5*h + 155. What is the greatest common divisor of h and 1501?
19
Let h be 39 - (0 + -4 + 6). Let c = h + -40. Let d(u) = -5*u**3 - 5*u**2 + 8. Let b be d(c). Calculate the greatest common factor of b and 14.
14
Suppose 18*y + 52 = 31*y. Suppose -12 = -4*f, -47 = -y*z - 2*f - 3*f. Calculate the greatest common factor of z and 18.
2
Let m = -4939 + 34425. Calculate the greatest common factor of 92 and m.
46
Let z(w) be the second derivative of 13*w**3/6 - 5*w**2 - 4*w. Let c be (-17)/(-8) - 120/960. Let l be z(c). Calculate the highest common factor of 128 and l.
16
Let z be 6 + (24 - (-5 - 2)) - 5. Let x = 10 - 5. Suppose x*w - w = 384. Calculate the highest common factor of z and w.
32
Suppose 0 = -3*p + 5*n + 244, 644*n - 436 = -5*p + 645*n. Calculate the greatest common factor of p and 4554.
22
Let v be (-2)/(-5)*(-10 - (-720)/12). Let s = 13 + -6. Let m(k) = k**3 - 6*k**2 - 6*k - 3. Let r be m(s). What is the greatest common divisor of v and r?
4
Suppose -16*o + 720 = 14*o. Suppose -23064 = -0*q - o*q. Calculate the greatest common divisor of q and 31.
31
Suppose 505*q - 500*q = 5*u + 8575, -8569 = -5*q + 3*u. What is the highest common divisor of 16 and q?
16
Suppose -2*d + 1 = -7, d = y + 43. Let o = y - -45. Suppose o*g - 3*g - 458 = -4*c, -5*c = 3*g - 574. Calculate the greatest common factor of c and 29.
29
Suppose -4*t + 4 = 5*r, 5*t - 7*r = -5*r + 5. Let d be t - (147/12)/(3/(-84)). Let g = 100 + -57. What is the greatest common divisor of g and d?
43
Let z = 376 + -381. Let r(p) = p**3 + 8*p**2 + 10*p - 12. Let u be r(z). Suppose 26 = x - 91. Calculate the greatest common factor of u and x.
13
Let y = 409 + -388. Let b(h) = -5*h - 23. Let l be b(-6). Calculate the highest common divisor of l and y.
7
Let s be (-12 - 0)/((-4)/468*(-120)/(-220)). What is the highest common divisor of 99 and s?
99
Suppose 13*b + 324 = 1143. Suppose 9*o - 10*o + 21 = 0. What is the highest common divisor of b and o?
21
Suppose -19*b + 11985 = 28*b. What is the highest common factor of 102 and b?
51
Let n = -401 - -402. Let c = -3 - -7. Suppose 0 = c*g - 3 - n. Calculate the greatest common factor of g and 3.
1
Suppose -3*g + 5 = -p, -9*p + 5*p = 4*g + 20. Suppose 4*k - 2*k + 3*k = g. Suppose 0*w - w + 33 = k. Calculate the greatest common divisor of 11 and w.
11
Let u = -42 + 78. Let q be (-1 + (-29)/(-2))*168. Suppose 0 = -b - 8*b + q. Calculate the highest common divisor of u and b.
36
Let j = 18 - 76. Let u(r) = r**3 - 17*r**2 + 15*r - 17. Let h be u(17). Let a = h + j. What is the highest common divisor of a and 20?
20
Suppose -278 = 4*i - 2*n - 306, -2*n = 5*i - 44. Calculate the greatest common divisor of 5200 and i.
8
Let u be (2*2/(-3))/(2/(-3)). Suppose -2*q = -4*d - u, -4 = -6*d + 8*d - 2*q. Let i be ((-81)/(-3) - 2) + d + 1. What is the greatest common factor of 36 and i?
9
Let z = 443 - 427. Let o(p) = 76*p**2 - 15*p - 41. Let t be o(-3). Calculate the highest common factor of z and t.
16
Suppose 66651 = -66*i + 155465 + 332530. Calculate the highest common divisor of i and 57.
57
Let y = -8798 - -9042. What is the highest common factor of 2623 and y?
61
Let a = 42 - 40. Suppose -g - 3*g = a*o - 8, -3*g + 3*o = -6. What is the greatest common factor of g and 5?
1
Suppose -4*o - 28 = 0, 16042 + 26436 = 5*i + o. What is the highest common factor of i and 586?
293
Suppose 24*b + 114 = 5*b. Let h(p) = p**3 + 8*p**2 - 3*p - 30. Let c be h(b). What is the highest common divisor of 4 and c?
4
Let o = -3 + 7. Suppose -o*f - 72 + 312 = 0. Let r(i) = -2892*i**2 - 40488*i + 12. Let d be r(-14). What is the greatest common divisor of d and f?
12
Suppose -3*d + 2241 = 4*q - 0*d, 0 = 4*d - 12. What is the greatest common factor of q and 3162?
186
Let t(v) = 96. Let r(m) = -m - 100. Let b(s) = 4*r(s) + 5*t(s). Let z be b(7). What is the greatest common divisor of 130 and z?
26
Suppose -3*b + 83 - 173 = 0. Let a = b - -125. What is the highest common divisor of 5 and a?
5
Suppose 5*n + 3*z = 26, -267*z = -270*z + 6. Let m(h) = h**3 + 5*h**2 + h + 5. Let s be m(-4). Let a = s - 5. What is the highest common divisor of n and a?
4
Suppose c - 4*h - 2200 = 0, 2*c + 31*h = 36*h + 4400. What is the highest common divisor of 55 and c?
55
Suppose -1723 + 4593 = 10*f. Let h = f + -271. What is the highest common factor of h and 104?
8
Let k(f) = f**3 - 14*f**2 - 9*f + 290. Let x be k(16). What is the highest common factor of x and 126?
14
Let g be ((-1)/3)/((25/120)/(-5)) - 3. What is the greatest common divisor of g and 40?
5
Let t(x) = -33*x - 1. Suppose -3 - 7 = 5*o. Let j be t(o). Suppose 963*v + 41 = 5*u + 960*v, 0 = 2*u + 5*v - 66. What is the greatest common factor of j and u?
13
Suppose 31*s - 29934 = 128476. What is the highest common factor of s and 7?
7
Let u be ((-254538)/553)/(6/(-28)). Calculate the highest common divisor of 24 and u.
12
Let g be (-4)/(-1)*(-25 + (-190)/(-4)). What is the highest common divisor of g and 36?
18
Let j = 10895 + -10760. Calculate the greatest common divisor of j and 3942.
27
Let x be 1 + 27/9 - (-8373 - 8). What is the highest common divisor of x and 390?
195
Let b(u) = -u**2 - 106*u - 603. Let q be b(-94). Let t(s) = 2*s**2 - 3*s. Let w be t(5). What is the highest common factor of w and q?
35
Suppose -8*u + 36291 = 3*r, -4*u + 8*u - 18128 = -4*r. Calculate the highest common factor of u and 255.
51
Let f = 20394 + -19722. Calculate the greatest common factor of f and 784.
112
Let l = -1621 - -1639. What is the greatest common divisor of l and 2736?
18
Let h be (52 - 50)*(-2)/(8/(-30)). Suppose -4*j - i + 3540 = 2*i, 0 = -5*j - 5*i + 4425. Calculate the greatest common factor of h and j.
15
Let c be (-11)/(-66) - (1 - (-34)/(-12)). Suppose -27 = -c*d - 5*n + 20, -17 = -d + 4*n. Calculate the highest common divisor of 27 and d.
3
Suppose 24*p + 693 = 2277. Suppose 5*i = 5*l - 170, -l - l + p = -3*i. What is the highest common divisor of l and 16?
4
Let h = -252 + 172. Let q = -19 - h. Calculate the highest common factor of q and 427.
61
Let k = -228 + 236. Let z = k + 70. Calculate the greatest common divisor of 6 and z.
6
Let x(l) = -69*l + 1048. Let p be x(15). Cal